Does 10 divide 1066253934?
False
Is 976 a factor of 162313680?
True
Is 3 a factor of 57623916?
True
Is 53 a factor of 156373002?
True
Does 600 divide 119417400?
True
Is 27 a factor of 73286915?
False
Is 419 a factor of 11195894?
False
Does 2580 divide 275507880?
True
Is 202724423 a multiple of 207?
False
Does 28 divide 20940136?
True
Is 2367 a factor of 91927467?
False
Does 5955 divide 412449568?
False
Is 6 a factor of 8662842?
True
Is 116242723 a multiple of 3?
False
Does 1252 divide 626181540?
True
Is 153660000 a multiple of 3152?
True
Is 15 a factor of 18858502?
False
Does 282 divide 12720456?
True
Does 95 divide 18988430?
False
Does 22 divide 101092486?
True
Does 5005 divide 1083297215?
True
Is 781226692 a multiple of 10?
False
Is 283795382 a multiple of 221?
True
Is 67652526 a multiple of 48?
False
Is 924 a factor of 620761680?
True
Is 2514991759 a multiple of 16500?
False
Does 20 divide 1142839837?
False
Is 70 a factor of 75870900?
True
Does 2712 divide 5191868274?
False
Does 120 divide 51155402?
False
Is 103003980 a multiple of 10?
True
Is 48 a factor of 476099474?
False
Is 100282728 a multiple of 1092?
True
Is 565254300 a multiple of 975?
True
Does 46 divide 126414257?
False
Is 3070 a factor of 446525621?
False
Is 917 a factor of 174461291?
False
Is 4322424 a multiple of 680?
False
Is 3098167 a multiple of 130?
False
Does 27 divide 18350070?
False
Does 10 divide 144487750?
True
Is 68 a factor of 102049534?
False
Does 1295 divide 9971500?
True
Is 101 a factor of 2867298531?
False
Is 261886680 a multiple of 20?
True
Is 3922 a factor of 418046755?
False
Does 3835 divide 321492681?
False
Does 221 divide 69117060?
False
Is 65924285 a multiple of 235?
False
Does 117 divide 106335333?
True
Does 3 divide 394745?
False
Is 1092 a factor of 418434744?
True
Is 1350837 a multiple of 729?
True
Does 8 divide 2639516?
False
Is 5 a factor of 4576205?
True
Does 1037 divide 25027606?
False
Does 111 divide 35273575?
False
Does 1281 divide 2135253613?
False
Does 49 divide 244932478?
True
Is 82862271 a multiple of 81?
True
Does 514 divide 42157916?
False
Does 913 divide 9391772?
False
Does 247 divide 123344884?
True
Does 1415 divide 2584612746?
False
Is 3323520 a multiple of 10?
True
Is 2 a factor of 18490955?
False
Is 1560566 a multiple of 79?
True
Is 97263034 a multiple of 649?
True
Does 73 divide 73298934?
False
Is 9482593 a multiple of 1870?
False
Is 75 a factor of 686559873?
False
Is 3855935 a multiple of 338?
False
Is 1082 a factor of 4169649338?
False
Is 1435854795 a multiple of 8?
False
Is 1636 a factor of 6135504?
False
Is 66628516 a multiple of 1081?
True
Is 485 a factor of 154173255?
True
Is 2526 a factor of 89930652?
True
Is 35222835 a multiple of 530?
False
Does 55 divide 55146630?
True
Is 6234 a factor of 45364027?
False
Is 2669481697 a multiple of 16?
False
Does 51 divide 775546188?
True
Does 4383 divide 1399075515?
True
Is 1021 a factor of 1535833124?
True
Does 38 divide 1804962?
True
Is 18 a factor of 3075586003?
False
Is 3470 a factor of 4342694590?
True
Is 140 a factor of 331001860?
True
Does 70 divide 522725910?
True
Is 13 a factor of 274321580?
True
Does 280 divide 4424610?
False
Is 487487580 a multiple of 56?
False
Does 677 divide 1162493885?
False
Is 1584 a factor of 72784466?
False
Does 67 divide 573562009?
True
Does 315 divide 22480515?
False
Does 474 divide 169809552?
True
Is 108961740 a multiple of 45?
True
Is 162507290 a multiple of 9?
False
Is 187340439 a multiple of 39?
True
Is 5 a factor of 55497176?
False
Is 23 a factor of 216959?
True
Does 606 divide 20310845?
False
Does 40 divide 4370200?
True
Is 14 a factor of 139522180?
True
Does 226 divide 66132414?
False
Is 608 a factor of 496594702?
False
Is 56663688 a multiple of 24?
True
Is 50998092 a multiple of 14?
False
Is 1011 a factor of 28940886?
True
Does 525 divide 33320555?
False
Is 92 a factor of 9971362?
False
Is 1258 a factor of 737160324?
True
Is 9 a factor of 74619144?
True
Does 123 divide 81606933?
True
Is 9 a factor of 216081338?
False
Is 6542 a factor of 62188278?
False
Is 11 a factor of 208860058?
True
Is 16 a factor of 5708744?
False
Does 2494 divide 2331689377?
False
Is 13 a factor of 22769955?
True
Is 1027482 a multiple of 57?
True
Is 106 a factor of 609314290?
False
Is 63127639 a multiple of 373?
True
Is 870 a factor of 130361183?
False
Is 17 a factor of 179262512?
False
Is 78 a factor of 54995850?
True
Does 66 divide 2026985998?
False
Is 4084296530 a multiple of 23?
True
Does 24 divide 201350592?
True
Is 176 a factor of 2109266471?
False
Is 147997197 a multiple of 255?
False
Does 1622 divide 229657358?
True
Is 184857024 a multiple of 528?
True
Is 6484497093 a multiple of 249?
True
Is 2007 a factor of 6285087081?
True
Is 397 a factor of 173209396?
False
Is 17 a factor of 1566320670?
True
Does 4531 divide 932229546?
False
Does 49 divide 60550626?
False
Is 3 a factor of 10534413?
True
Is 4483540 a multiple of 20?
True
Is 11909113 a multiple of 134?
False
Does 24 divide 67197985?
False
Is 387223225 a multiple of 4727?
False
Does 120 divide 59125796?
False
Does 2390 divide 244114600?
True
Does 29 divide 6059243?
False
Is 1026828308 a multiple of 44?
True
Is 40151243 a multiple of 48?
False
Does 196 divide 296330048?
True
Is 329859486 a multiple of 2182?
True
Is 103514780 a multiple of 226?
True
Is 539 a factor of 48448015?
True
Is 7308 a factor of 2531703132?
True
Is 801 a factor of 10018107?
True
Is 1180566011 a multiple of 2708?
False
Is 561 a factor of 21895223?
False
Is 134065152 a multiple of 1536?
True
Is 435032521 a multiple of 2?
False
Is 46293462 a multiple of 19?
True
Is 953604375 a multiple of 255?
True
Does 722 divide 28861228?
True
Is 35894291 a multiple of 181?
True
Is 597909964 a multiple of 287?
False
Is 10352116 a multiple of 88?
False
Does 135 divide 47931514?
False
Is 18 a factor of 86193072?
True
Is 173196352 a multiple of 147?
False
Does 13 divide 330325297?
False
Is 931978947 a multiple of 51?
True
Does 1117 divide 32674484?
True
Does 16 divide 853742681?
False
Does 29 divide 535148856?
False
Is 41 a factor of 9246689?
True
Is 46 a factor of 797297024?
True
Does 159 divide 1226404?
False
Is 8416 a factor of 887938496?
True
Is 366 a factor of 41784953?
False
Is 1211315346 a multiple of 6687?
False
Does 20 divide 434873140?
True
Is 343718172 a multiple of 306?
True
Is 95720121 a multiple of 84?
False
Does 16 divide 260809039?
False
Does 19 divide 18477238?
False
Is 13 a factor of 72477847?
True
Does 7 divide 651910066?
False
Does 1489 divide 373889389?
True
Is 759 a factor of 60000765?
False
Is 10 a factor of 130596900?
True
Is 7561830 a multiple of 454?
False
Is 41536492 a multiple of 120?
False
Is 851 a factor of 155917667?
True
Is 66 a factor of 8209946?
False
Is 324410912 a multiple of 3316?
True
Is 690508638 a multiple of 134?
False
Is 341 a factor of 1508797807?
True
Is 36012130 a multiple of 770?
True
Is 763 a factor of 84621278?
True
Is 2776190 a multiple of 10?
True
Does 11 divide 1315393589?
False
Is 4218956934 a multiple of 12534?
True
Is 242 a factor of 544418363?
False
Is 1352948704 a multiple of 664?
False
Is 22583508 a multiple of 25?
False
Is 10 a factor of 23269980?
True
Is 90 a factor of 14576130?
True
Is 1495 a factor of 2109857097?
False
Is 141 a factor of 297157218?
True
Is 2698 a factor of 241319912?
True
Is 77138555 a multiple of 491?
True
Does 3 divide 122249691?
True
Does 3285 divide 2471512455?
True
Is 79480065 a multiple of 15?
True
Does 1021 divide 101600644?
False
Is 1149 a factor of 81319326?
True
Is 179 a factor of 9698918?
False
Does 6 divide 580116350?
False
Does 7 divide 510146799?
False
Does 1541 divide 77199477?
True
Is 148 a factor of 1297665924?
True
Is 10 a factor of 1574312036?
False
Does 9 divide 26341483?
False
Does 107 divide 247625820?
True
Does 4 divide 22111388?
True
Is 236065351 a multiple of 26?
False
Is 2 a factor of 2820285?
False
Does 603 divide 123245224?
False
Is 127868384 a multiple of 60?
False
Is 7936 a factor of 309352794?
False
Does 4 divide 175954828?
True
Is 247 a factor of 71581094?
True
Does 2 divide 7320154?
True
Is 5 a factor of 4298481?
False
Is 658 a factor of 44857523?
False
Is 297 a factor of 131340101?
False
Does 50 divide 52642600?
True
Is 4366536 a multiple of 3?
True
Doe